5 is divided by 19?
13
Calculate the remainder when 56803 is divided by 4.
3
Calculate the remainder when 35812 is divided by 746.
4
What is the remainder when 307043 is divided by 30?
23
What is the remainder when 52974 is divided by 1392?
78
What is the remainder when 46624 is divided by 77?
39
What is the remainder when 48634 is divided by 252?
250
Calculate the remainder when 25978 is divided by 999.
4
What is the remainder when 245399 is divided by 300?
299
What is the remainder when 23794 is divided by 5929?
78
What is the remainder when 37234 is divided by 51?
4
What is the remainder when 43 is divided by 15?
13
What is the remainder when 8865 is divided by 106?
67
Calculate the remainder when 10649 is divided by 36.
29
What is the remainder when 65762 is divided by 13152?
2
Calculate the remainder when 588013 is divided by 895.
893
What is the remainder when 7542 is divided by 579?
15
Calculate the remainder when 591980 is divided by 1059.
1058
What is the remainder when 1547124 is divided by 98?
96
Calculate the remainder when 460569 is divided by 36.
21
What is the remainder when 5648 is divided by 353?
0
Calculate the remainder when 26947 is divided by 50.
47
What is the remainder when 33289 is divided by 8300?
89
What is the remainder when 22192 is divided by 193?
190
What is the remainder when 7424 is divided by 56?
32
Calculate the remainder when 1544 is divided by 126.
32
Calculate the remainder when 160730 is divided by 44.
42
What is the remainder when 18705 is divided by 9322?
61
Calculate the remainder when 9272 is divided by 55.
32
Calculate the remainder when 7629 is divided by 1264.
45
What is the remainder when 3889 is divided by 597?
307
What is the remainder when 2281772 is divided by 228177?
2
Calculate the remainder when 12607 is divided by 83.
74
What is the remainder when 148300 is divided by 62?
58
Calculate the remainder when 158264 is divided by 336.
8
What is the remainder when 59030 is divided by 72?
62
What is the remainder when 2262 is divided by 276?
54
Calculate the remainder when 1598803 is divided by 76.
67
Calculate the remainder when 2486 is divided by 19.
16
Calculate the remainder when 14341 is divided by 3581.
17
Calculate the remainder when 2610 is divided by 2586.
24
What is the remainder when 36238 is divided by 12052?
82
What is the remainder when 211079 is divided by 25?
4
What is the remainder when 5321 is divided by 435?
101
Calculate the remainder when 537 is divided by 293.
244
Calculate the remainder when 273018 is divided by 661.
25
What is the remainder when 14150 is divided by 121?
114
What is the remainder when 224521 is divided by 39?
37
What is the remainder when 11139 is divided by 21?
9
Calculate the remainder when 190987 is divided by 7.
6
What is the remainder when 1604 is divided by 343?
232
What is the remainder when 15755 is divided by 789?
764
What is the remainder when 3661 is divided by 52?
21
What is the remainder when 6280 is divided by 47?
29
What is the remainder when 141938 is divided by 43?
38
What is the remainder when 3173 is divided by 266?
247
Calculate the remainder when 10315 is divided by 7.
4
Calculate the remainder when 382704 is divided by 32.
16
Calculate the remainder when 726619 is divided by 29.
24
Calculate the remainder when 3857 is divided by 439.
345
Calculate the remainder when 8429 is divided by 222.
215
What is the remainder when 17258 is divided by 126?
122
What is the remainder when 4155 is divided by 21?
18
Calculate the remainder when 133757 is divided by 16.
13
Calculate the remainder when 533975 is divided by 16686.
23
Calculate the remainder when 5502 is divided by 91.
42
What is the remainder when 355 is divided by 101?
52
What is the remainder when 1841865 is divided by 261?
249
Calculate the remainder when 945622 is divided by 425.
422
Calculate the remainder when 6238 is divided by 1535.
98
Calculate the remainder when 3017 is divided by 754.
1
What is the remainder when 426598 is divided by 32?
6
What is the remainder when 2426 is divided by 10?
6
What is the remainder when 5285 is divided by 2614?
57
Calculate the remainder when 13644 is divided by 333.
324
What is the remainder when 486625 is divided by 1326?
1309
Calculate the remainder when 91515 is divided by 15252.
3
Calculate the remainder when 1621 is divided by 492.
145
Calculate the remainder when 8696 is divided by 81.
29
What is the remainder when 29822 is divided by 393?
347
Calculate the remainder when 21743 is divided by 152.
7
What is the remainder when 12871 is divided by 6314?
243
What is the remainder when 111259 is divided by 499?
481
Calculate the remainder when 5356 is divided by 16.
12
Calculate the remainder when 50934 is divided by 12.
6
Calculate the remainder when 107993 is divided by 725.
693
What is the remainder when 1330564 is divided by 665259?
46
Calculate the remainder when 783652 is divided by 40.
12
Calculate the remainder when 2887 is divided by 48.
7
What is the remainder when 5849 is divided by 136?
1
Calculate the remainder when 488 is divided by 96.
8
What is the remainder when 32636 is divided by 24?
20
What is the remainder when 741563 is divided by 370777?
9
Calculate the remainder when 8058 is divided by 598.
284
What is the remainder when 93358 is divided by 6668?
6
What is the remainder when 7506645 is divided by 24?
21
Calculate the remainder when 20563 is divided by 162.
151
What is the remainder when 12819 is divided by 188?
35
Calculate the remainder when 236 is divided by 72.
20
Calculate the remainder when 3058 is divided by 1487.
84
What is the remainder when 396734 is divided by 506?
30
What is the remainder when 1744 is divided by 143?
28
Calculate the remainder when 3019 is divided by 1473.
73
What is the remainder when 583 is divided by 404?
179
Calculate the remainder when 16203 is divided by 3213.
138
Calculate the remainder when 2048 is divided by 1842.
206
What is the remainder when 999 is divided by 338?
323
Calculate the remainder when 1118041 is divided by 30.
1
Calculate the remainder when 790552 is divided by 35933.
26
What is the remainder when 194175 is divided by 64672?
159
What is the remainder when 23300 is divided by 120?
20
Calculate the remainder when 10613 is divided by 395.
343
Calculate the remainder when 66016 is divided by 262.
254
What is the remainder when 213398 is divided by 220?
218
Calculate the remainder when 64013 is divided by 15994.
37
Calculate the remainder when 4762 is divided by 98.
58
Calculate the remainder when 2338436 is divided by 10.
6
Calculate the remainder when 21324 is divided by 1640.
4
Calculate the remainder when 3251 is divided by 549.
506
Calculate the remainder when 7837926 is divided by 556.
550
What is the remainder when 7695 is divided by 2217?
1044
What is the remainder when 5582 is divided by 1825?
107
Calculate the remainder when 53123 is divided by 253.
246
Calculate the remainder when 390776 is divided by 6.
2
Calculate the remainder when 2935 is divided by 51.
28
Calculate the remainder when 6604 is divided by 28.
24
What is the remainder when 44391 is divided by 266?
235
What is the remainder when 90365 is divided by 28?
9
Calculate the remainder when 29058 is divided by 12.
6
Calculate the remainder when 15614 is divided by 23.
20
Calculate the remainder when 91258 is divided by 10.
8
What is the remainder when 15562 is divided by 35?
22
What is the remainder when 125618 is divided by 245?
178
What is the remainder when 88056 is divided by 2047?
35
What is the remainder when 19459 is divided by 19180?
279
What is the remainder when 1047 is divided by 526?
521
Calculate the remainder when 4944 is divided by 2406.
132
Calculate the remainder when 9480 is divided by 632.
0
Calculate the remainder when 6503 is divided by 1462.
655
Calculate the remainder when 2481 is divided by 2438.
43
What is the remainder when 1471 is divided by 84?
43
What is the remainder when 57345 is divided by 14334?
9
What is the remainder when 36346 is divided by 1211?
16
Calculate the remainder when 11944 is divided by 1990.
4
What is the remainder when 2259 is divided by 35?
19
Calculate the remainder when 16489 is divided by 8.
1
Calculate the remainder when 146606 is divided by 88.
86
